t -170c9 (base 13) to base 3.
-2020111112
Convert 652a3 (base 11) to base 6.
2011052
Convert 2155602 (base 7) to base 14.
6cda9
-7319cb (base 13) to base 7
-31565353
-7b3b8 (base 13) to base 12
-aa094
What is 50300012 (base 6) in base 11?
892151
Convert 12323323330 (base 4) to base 10.
1818364
11112221011 (base 3) to base 14
24933
What is -ae480c (base 15) in base 12?
-2951670
-2225460 (base 8) to base 13
-180667
What is -101426 (base 11) in base 6?
-3254050
Convert 1232222 (base 6) to base 2.
10000010000110110
What is 751503 (base 8) in base 10?
250691
What is 5877a (base 14) in base 8?
644730
What is 2793e4 (base 16) in base 5?
1131000024
-202221022002 (base 3) to base 7
-3334316
Convert -1147516 (base 12) to base 16.
-32d222
What is 120223011 (base 4) in base 3?
12010122000
15511c (base 13) to base 6
15131501
Convert 224738 (base 10) to base 15.
468c8
Convert -1573771 (base 9) to base 5.
-211003211
What is -211120112212 (base 3) in base 2?
-1101100011111001010
What is 131113011 (base 4) in base 13?
4297b
Convert -100010101101110111100 (base 2) to base 5.
-242400341
2203041224 (base 5) to base 6
245310504
-101101011001110010001 (base 2) to base 16
-16b391
-3512814 (base 10) to base 16
-3599ee
What is -10033543 (base 6) in base 16?
-45807
Convert 167617 (base 8) to base 9.
103111
Convert 102011222 (base 4) to base 12.
36a62
Convert -b5331 (base 13) to base 7.
-2524400
What is 2175771 (base 8) in base 13?
177cca
1351415450 (base 6) to base 13
3591246
21251250 (base 6) to base 9
1157583
Convert 2c775 (base 14) to base 3.
12122120211
Convert 358208b (base 12) to base 7.
154104536
4214b (base 13) to base 2
11101000001010110
Convert -33ae5 (base 16) to base 4.
-303223211
-136454 (base 7) to base 12
-1327b
What is 639a591 (base 11) in base 14?
16d0c47
What is 35350452 (base 7) in base 4?
23322011331
Convert 4673247 (base 9) to base 4.
21221101321
What is -1220122000 (base 4) in base 5?
-102141043
What is -10001000011100 (base 2) in base 12?
-5078
Convert -1100111010111011 (base 2) to base 11.
-36842
Convert 110210212012 (base 3) to base 12.
101aab
10010000010010000101 (base 2) to base 9
1100605
-400638 (base 13) to base 10
-1486233
What is -1722335 (base 10) in base 9?
-3214535
12030aa (base 12) to base 10
3488962
Convert -302a31 (base 12) to base 5.
-143021204
What is -10610314 (base 8) in base 7?
-25350612
Convert 1124660 (base 7) to base 3.
21011100222
599467 (base 12) to base 3
2201111220021
Convert 1110212021221 (base 3) to base 7.
6445342
-228311 (base 10) to base 7
-1640426
-1068547 (base 9) to base 7
-4622320
Convert -100000001110101011 (base 2) to base 6.
-2455055
2000332222 (base 4) to base 11
330a11
Convert 2782861 (base 9) to base 8.
5655772
What is -101111001100100011 (base 2) in base 3?
-100211011211
What is 325a63 (base 13) in base 3?
2020010210212
-221131434 (base 5) to base 15
-13de64
What is -134111340 (base 5) in base 15?
-d9d30
-202251121 (base 6) to base 10
-3474841
What is -216849 (base 10) in base 8?
-647421
What is 551371 (base 9) in base 16?
5057e
Convert 124010330 (base 5) to base 2.
10010100111100101010
Convert -2d6e2 (base 16) to base 13.
-66910
What is 15139 (base 16) in base 4?
111010321
What is -341434104 (base 6) in base 7?
-104022520
-110111011101101100 (base 2) to base 12
-ab578
What is 3875 (base 16) in base 7?
60065
What is 7b21 (base 14) in base 13?
9978
What is -143300 (base 10) in base 15?
-2c6d5
Convert -2269350 (base 12) to base 9.
-13384306
Convert -169451 (base 13) to base 15.
-b1cee
-11343300 (base 6) to base 11
-2233aa
Convert 2022000100000 (base 3) to base 15.
1919c9
20333142 (base 8) to base 15
5a1020
Convert -111101100100010 (base 2) to base 12.
-162aa
1502035 (base 8) to base 11
271926
What is 74a916 (base 13) in base 10?
2736805
What is 15b00 (base 16) in base 2?
10101101100000000
Convert c6088 (base 13) to base 15.
70751
What is 5896 (base 11) in base 4?
1320300
Convert -23f3b4 (base 16) to base 13.
-646592
ad6b5 (base 14) to base 5
101434132
Convert 5b7747 (base 16) to base 9.
12245575
41551146 (base 7) to base 14
67475d
51186 (base 11) to base 3
10210112120
Convert -179849a (base 11) to base 4.
-23212222020
Convert -4228355 (base 9) to base 11.
-1306342
What is 32d40 (base 14) in base 5?
12421330
Convert 113222441 (base 5) to base 6.
15115332
What is -27011542 (base 8) in base 6?
-333200242
-201012202202 (base 3) to base 14
-9bb70
Convert 645973 (base 10) to base 8.
2355525
What is -3719395 (base 10) in base 3?
-20222222001101
Convert -10101011111010010000 (base 2) to base 14.
-144880
What is 530a9 (base 14) in base 11?
127678
Convert -86508 (base 9) to base 15.
-11e85
What is 31051122 (base 6) in base 4?
3122010122
81776 (base 14) to base 12
130364
Convert -6d67 (base 16) to base 11.
-1a051
-20333143 (base 5) to base 2
-101000111111110011
210333 (base 4) to base 8
4477
Convert -34441243 (base 5) to base 4.
-1030030021
What is -2421030120 (base 5) in base 12?
-1a81433
What is 184458 (base 10) in base 9?
311023
What is -245574 (base 8) in base 10?
-84860
-440177 (base 10) to base 3
-211100210212
4134504 (base 6) to base 11
126845
What is 543535 (base 7) in base 12?
46b37
What is -1440114 (base 5) in base 16?
-77c3
What is -20112020102210 (base 3) in base 15?
-487c50
Convert 4320072 (base 8) to base 15.
17c3da
What is 2880870 (base 9) in base 7?
16334055
101010100111011011010 (base 2) to base 4
11110323122
-410462 (base 10) to base 3
-202212001022
-1132124 (base 6) to base 13
-209c5
What is -21324020 (base 5) in base 12?
-89aaa
15216453 (base 7) to base 15
1d99d0
27377 (base 9) to base 8
44152
Convert 2286 (base 15) to base 14.
2954
What is -2543005 (base 6) in base 15?
-2ad6e
1200233131 (base 4) to base 13
10b490
What is 11021515 (base 6) in base 5?
41021331
-955a00 (base 12) to base 7
-26000532
Convert 155988 (base 10) to base 3.
21220222100
What is 647c74 (base 16) in base 14?
c35d40
51384 (base 15) to base 4
332310103
What is -56a57b (base 16) in base 2?
-10101101010010101111011
110344400 (base 5) to base 15
978ba
What is 15a9073 (base 14) in base 4?
220202220131
-1304002 (base 5) to base 2
-110001110011110
Convert -37856 (base 12) to base 6.
-1341350
-215554041 (base 6) to base 10
-3918697
-3601641 (base 9) to base 6
-105443101
Convert 4086a (base 14) to base 16.
25ebe
What is 1888620 (base 11) in base 7?
36046620
Convert 36713 (base 9) to base 4.
12000330
-344421004 (base 5) to base 9
-2837851
1503378 (base 12) to base 7
51001265
-13302211233 (base 4) to base 2
-111110010100101101111
Convert -113330322 (base 6) to base 11.
-1222a38
What is 1011101011110100010 (base 2) in base 16?
5d7a2
What is 315218 (base 10) in base 6?
10431202
-256267 (base 13) to base 6
-31134004
Convert 4162324 (base 8) to base 10.
1107156
What is 546033 (base 8) in base 3?
100022110202
What is 200333132 (base 6) in base 4?
30322330100
35600a (base 12) to base 6
30240014
Convert 351170 (base 8) to base 5.
12310131
3341212 (base 6) to base 16
29348
What is -11845370 (base 9) in base 2?
-10110001100001010100101
-17aac07 (base 13) to base 15
-a2bed5
Convert -444424031 (base 5) to base 7.
-22406165
a0c1b (base 14) to base 9
648205
Convert 5007621 (base 10) to base 14.
944d13
5ea0b8 (base 15) to base 16
45449c
What is 5655330 (base 7) in base 11?
440179
What is 4a392 (base 16) in base 9?
513027
What is 13104050 (base 7) in base 4?
10203223100
111131221 (base 5) to base 7
4106202
What is -59535 (base 15) in base 11?
-184976
What is -4102461 (base 7) in base 9?
-823766
-398692 (base 13) to base 5
-323432022
-1122122211202 (base 3) to base 16
-d69d3
Convert -21c79d (base 15) to base 10.
-1611598
Convert -100111101100110 (base 2) to base 11.
-142a9
Convert 2da5d (base 16) to base 4.
231221131
Convert -210322303 (base 4) to base 11.
-a3682
-1a150c (base 13) to base 8
-2410765
-191293 (base 12) to base 13
-124233
-561317 (base 14) to base 8
-13114731
-141100 (base 6) to base 14
-4b5a
Convert 41533 (base 14) to base 9.
258855
What is 17ec6 (base 15) in base 9?
127376
-65703455 (base 8) to base 3
-222120121122102
Convert -3062243 (base 7) to base 12.
-159088
87c666 (base 13) to base 16
30cb25
What is -2974140 (base 11) in base 9?
-10533575
-20321212220 (base 4) to base 8
-10714650
11203011 (base 6) to base 7
2625262
-77526 (base